t q = n - 152. What is the remainder when q is divided by 40?
39
Suppose r - 4*v = -5 + 92, -2*r - 2*v = -134. Suppose -407 + r = -12*c. Calculate the remainder when 978 is divided by c.
26
Let c(t) = 17*t**3 + 3*t**2 + 36*t - 38. Calculate the remainder when 1147 is divided by c(1).
13
Suppose 5*o + 48 = v, -v + 173 = v + o. Calculate the remainder when 2570 is divided by v.
80
Suppose 921 = -8056*p + 8059*p. Calculate the remainder when 12586 is divided by p.
306
Suppose -192 = -l - 4*q, -4*q = -l - q + 171. Suppose -4*h = -4*o - 20, -16*o + 17*o + 33 = 5*h. Calculate the remainder when l is divided by h.
5
Let j = 42 + -40. Suppose -5*b = -j*b. Suppose -3*p - 1 + 14 = y, -2*p - 4*y + 2 = b. What is the remainder when p is divided by 4?
1
Let p(y) = y**3 - 23*y**2 - 16*y + 2. Let r be p(24). Suppose 2*i = r + 10. Calculate the remainder when i is divided by 21.
18
Suppose -4*w - 54 = -0*w + 2*t, -5*w + 3*t = 51. Let r(c) = -c**3 - 4*c**2 - 4*c - 2. What is the remainder when 6/8 - 291/w is divided by r(-4)?
11
Calculate the remainder when -66*12/72*-3994 - 12 is divided by 278.
276
Suppose -1409*h = -1372*h - 8658. What is the remainder when 629 is divided by h?
161
Let v(p) = 4*p + 11*p - 29 - 17*p. Let f be v(-12). Calculate the remainder when f/(-3 - -8) - -119 is divided by 10.
8
Suppose 29*z - 24*z - 5*w = 4195, -2*z + 1664 = 5*w. Calculate the remainder when z is divided by 276.
9
Let o = -2 + 8. Suppose -12*q - 5001 = -861. Calculate the remainder when 2/14 - q/35 is divided by o.
4
Let w = -4350 - -4779. What is the remainder when w is divided by 45?
24
Suppose 22*l + 68 = -5*w + 26*l, 5*w = 2*l - 64. What is the remainder when 3555/(-10)*1*8/w is divided by 10?
7
Let i(b) be the second derivative of -1/2*b**3 - 7*b - 9/2*b**2 + 0. Calculate the remainder when 88 is divided by i(-9).
16
Suppose 3*s + 2*g = -12 - 4, 6 = -2*s + g. Let l be (s + (-35)/(-10))*0. Suppose -p = -l*p - 17. What is the remainder when 32 is divided by p?
15
Let m(l) = l - 11. Let c(y) = y - 13. Let k(z) = -4*c(z) + 3*m(z). Let p = 22 - 27. Calculate the remainder when 69 is divided by k(p).
21
Suppose 708 + 216 = 33*g. Suppose 0 = 5*l - 10, 2*w + l - 3 = w. Suppose -4*o + w = -59. What is the remainder when g is divided by o?
13
Let z = -1812 - -2010. What is the remainder when z is divided by 108?
90
Suppose -2*q = d - 15593, -4*d + 3*q + 4253 = -58141. What is the remainder when d is divided by 19?
17
Let d(g) = g**2 + 21*g - 7. Suppose 11*r + 967 = 1011. What is the remainder when d(r) is divided by 36?
21
Suppose 2*y = -3*l + 10147, 5*y - 11157 = 2*l + 14239. What is the remainder when y is divided by 254?
252
Let a(v) = 2*v**3 - 3*v**2 + 3*v - 10. Calculate the remainder when 4287 is divided by a(3).
23
Suppose 4*v = 3*n - 194, n + v - 4*v - 63 = 0. Suppose 43*j = 40*j + n. Let k = j - -3. Calculate the remainder when 148 is divided by k.
23
Let a(o) = -19*o - 7. Suppose 9*i = -3*i - 4*i. Let b(x) = -x**2 - 6*x + 13. Calculate the remainder when a(-5) is divided by b(i).
10
Let d be (1 - 0)/(-1) + 167. Let h = -1280 + 1285. Suppose h*o = -p + 5*p + d, 78 = 3*o + 3*p. Calculate the remainder when o is divided by 8.
6
Let r = -9704 + 9736. What is the remainder when 63 is divided by r?
31
Let m = -1090 - -1174. Calculate the remainder when 584 is divided by m.
80
Suppose -33*s + 580 = -24*s - 239. What is the remainder when 291 is divided by s?
18
Calculate the remainder when 853 is divided by ((-1)/7 - -1) + (-47)/(5264/(-3600)).
28
Suppose 0 = 6*m + 70 + 104. Let y = 35 + m. Let g = 84 - 62. What is the remainder when g is divided by y?
4
Let y = -518 - -755. Suppose 3*z = -21 + y. What is the remainder when z is divided by 19?
15
Let n be 651/(-186)*(-90)/21. Let x be (0 - -1) + 1 + -12. What is the remainder when (528/x)/(n/(-50)) is divided by 45?
41
What is the remainder when 274 + 20 + 27/3 + 6/(-3) is divided by 35?
21
Suppose 954 = -435*i + 437*i. Let g = -433 + i. Calculate the remainder when 216 is divided by g.
40
Let m(y) = 3*y**2 + 20*y + 454. Calculate the remainder when 3936 is divided by m(-17).
12
Let k(v) = 7*v**2 - 50*v - 1. Let b be k(10). Let t = 221 - b. Calculate the remainder when 109 is divided by t.
21
Let q(u) = -645*u + 52. Calculate the remainder when q(-10) is divided by 12.
10
Let w = -681 - -865. Calculate the remainder when w is divided by 16.
8
Let h(y) be the second derivative of 7*y**4/6 + y**3/6 - 5*y**2 + 35*y. Calculate the remainder when h(-3) is divided by 36.
5
Suppose 0 = 2*q + 4*z - 2*z - 512, -5*q + 2*z = -1315. Suppose k = -8*k + q. Calculate the remainder when 344 is divided by k.
25
Let f(h) = 1 - 5 - 2*h**2 - 4 + 4 - 20*h. Calculate the remainder when f(-7) is divided by 11.
5
Let b = 504 + -485. Let t = 207 - 100. What is the remainder when t is divided by b?
12
Let n(z) be the third derivative of 1/2*z**3 + 19/60*z**5 + 0 + 3/4*z**4 + 0*z + 1/120*z**6 - 4*z**2. Calculate the remainder when 8 is divided by n(-18).
2
Suppose 1353 = 15*r - 297. Let a = r + -65. Let f = 68 - a. Calculate the remainder when f is divided by 5.
3
Let u(q) = -8*q**3 + 8*q**2 - 4. Calculate the remainder when 5146 is divided by u(-1).
10
Let q = 107 + -53. Let c = -52 + q. What is the remainder when (c/(-3))/((-8)/84) is divided by 3?
1
Let b = 3882 - 3752. What is the remainder when b is divided by 88?
42
Suppose -3*v + 4*u = 100, -4*v - 2*u - 50 - 54 = 0. Let z(h) = -12*h + 80. What is the remainder when z(v) is divided by 15?
11
Suppose -4*f = -3 - 13. Let l = 128 - 198. Let z = -64 - l. What is the remainder when z is divided by f?
2
Let l = -23439 - -23443. Let d = -17 + 84. Let t = l + d. What is the remainder when t is divided by 36?
35
Let u be 4 - 6/9*-12. Let s = 46 - -29. Calculate the remainder when s is divided by (u/10)/(7*(-10)/(-2275)).
36
Let o be 0/(-2)*(-29)/174. Suppose 0 = 3*j - 6, -4*x + 6*x + 4*j - 54 = o. Calculate the remainder when x is divided by 16.
7
Let c = 575 - 500. Let k = 230 + -197. What is the remainder when c is divided by k?
9
Let b = -3316 + 3326. Calculate the remainder when 59 is divided by b.
9
Let a = -18 + 23. Suppose a*u - 159 = 71. Let o = u - 38. Calculate the remainder when 27 is divided by o.
3
What is the remainder when 1608 is divided by 44*6/(2 + -4)*(-66)/264?
24
Suppose 39*c + 107*c = -14*c + 146240. What is the remainder when c is divided by 128?
18
Let m = -1998 - -2098. What is the remainder when 410 is divided by m?
10
Let d = 110 + -104. Let o(a) = 53*a - 10. Let q(c) = 54*c - 11. Let j(g) = d*o(g) - 5*q(g). Calculate the remainder when j(1) is divided by 26.
17
Suppose 4*w = -37*j + 32*j + 190, 114 = 3*j - 5*w. Calculate the remainder when 198 is divided by j.
8
What is the remainder when (19 - -7)/(5/150) is divided by 69?
21
Let f = -1033 - -1360. Calculate the remainder when f is divided by 55.
52
Let m(t) = -75*t - t**3 + 7*t**2 + 11 + 0*t**3 + 71*t. Suppose -2*v + 8*v = 1218. What is the remainder when v is divided by m(5)?
39
Let v(y) = 2*y**2 - 3*y - 22. Let h be v(9). Let d = 151 - h. Calculate the remainder when 71 is divided by d.
33
Let j(i) = 16*i - 593. What is the remainder when 361 is divided by j(39)?
20
Suppose -13983 - 75786 = -194*c + 47971. Calculate the remainder when 2845 is divided by c.
5
Let g = -51 - -39. Let t(o) = o**3 + 11*o**2 - 12*o + 16. Let k be t(g). Suppose -k*v + 696 = -4*v. What is the remainder when v is divided by 15?
13
Let r = -555 - -253. What is the remainder when (-2)/6 - r/6 is divided by 13?
11
Suppose -2*l + 9 = -l + 2*p, 7 = 3*l - 4*p. Suppose -x + l*u = 3, 0 = -5*x + u - 2*u + 63. Suppose -4*s - s = -15. What is the remainder when x is divided by s?
0
Let s(x) = -13*x - 21. Let h(t) = 2*t - 14. Let u be h(5). Calculate the remainder when s(u) is divided by -19*((-1 - -1) + -1).
12
Let u = -8 + 8. Suppose 4*l + 5*v + 4 - 1 = u, -3*v = 2*l + 3. Suppose 103 = l*y + 25. Calculate the remainder when y is divided by 8.
2
Suppose 40 = y + 2*j, -5*j + 19 = -85107*y + 85105*y. Let m(u) = 5*u**3 + 2*u**2 - u - 4. Calculate the remainder when m(3) is divided by y.
2
Let h(n) = -105*n + 1595. Calculate the remainder when h(14) is divided by 44.
37
Let l = 126 - 122. Let q(r) = 3*r**2 + 6*r + 5. Calculate the remainder when q(l) is 